 = 4*i + b + 10, i - 5*b + 7 = -6. Let t = i + 5. Let q(m) = m**2 + m + 1. Let o(w) = -3*w**2 - 4. Let v(a) = t*q(a) + o(a). Determine v(2).
-2
Let n(g) be the second derivative of -g**6/360 + g**5/60 + g**4/6 + g**3/3 + g. Let b(u) be the second derivative of n(u). Give b(3).
1
Let g(h) be the third derivative of -1/12*h**4 + 2*h**2 + 0*h + 0 - 1/30*h**5 - 1/6*h**3. Let t = -7 - -6. What is g(t)?
-1
Let g(y) = -13*y**2 + 6*y**2 + 2*y**3 + 11*y**2 - 3*y**3. Determine g(3).
9
Let m(g) = g**2 + 5*g - 4. Let i be 1/(-3 + 87/30). Let y = 5 + i. Determine m(y).
-4
Let y(t) = -t**3 - 7*t**2 - 6*t - 7. Let z(c) = -c**2 - 3*c + 5*c - 2*c. Let d be ((-2)/3)/((-4)/(-6)). Let o(f) = d*z(f) + y(f). What is o(-5)?
-2
Let t(n) = 2*n**2 - 4*n - 3. Suppose 2*o + 2*f = 1 - 5, 4*f = 0. Give t(o).
13
Suppose 4*x + 2*c = -2*c, 0 = 4*x + 2*c - 8. Let k(r) = r**3 - 2*r**2 - 4*r - 3. Calculate k(x).
13
Let k(l) = 7*l**2 + 2 + 4*l + 8*l**3 - 7*l**3 - 2*l**2. Suppose 6*w = 7*w + 4. Determine k(w).
2
Let n(c) be the third derivative of 0*c + 1/4*c**4 - 1/60*c**5 - 4*c**2 - 1/3*c**3 + 0. Give n(3).
7
Let c(j) be the second derivative of 3*j + 0 + 3/2*j**2 + 1/12*j**4 + 5/6*j**3. Calculate c(-5).
3
Let v(u) = -4*u**3 - 4*u**2 - 3*u - 1. Let o(p) = -3*p**3 - 3*p**2 - 3*p - 1. Let t(s) = -5*o(s) + 4*v(s). Calculate t(-3).
10
Let l(n) = -n - 2. Let i(a) = -2*a**3 + 2*a**2 + a. Let p be i(2). Give l(p).
4
Let z(t) = -16*t**3 - 31*t**2 + 25*t - 19. Let x(v) = -3*v**3 - 6*v**2 + 5*v - 4. Let g(h) = -11*x(h) + 2*z(h). Give g(-5).
6
Suppose z + 18 = 3*z. Let w = 15 - z. Let d(a) = a**2 - 7*a + 4. Give d(w).
-2
Let x(w) be the first derivative of -w**4/2 - w**3 - w**2/2 - w - 5. Calculate x(-2).
5
Let g(h) = 6*h + 36. Let p be g(-7). Let b(k) = -1 - 7*k + 1 - 3 - k**2. Determine b(p).
3
Let o(q) be the first derivative of -1/3*q**3 - q**2 + 2 + 2*q. Determine o(-2).
2
Let u(g) = g - 7. Let i be u(7). Let f(n) = n**2 + n - 1. Let p be f(1). Let c be p/(i - 1) - -4. Let j(s) = -2*s. Calculate j(c).
-6
Let y = 36 - 12. Suppose 3*b = -b + y. Let j(f) = f**2 - 5*f - 5. What is j(b)?
1
Let o(i) = -i**2 - 5*i + 9. Let q be o(-7). Let x(y) = y - 2. Give x(q).
-7
Suppose -4*l - 42 = -5*r, -r - 4*r + 39 = -3*l. Let g be (-3 + 0)*r/9. Let h(f) = f**3 + 3*f**2 + 3*f + 2. Give h(g).
0
Let m(h) be the first derivative of -1/4*h**4 + 2*h + 2/3*h**3 + 3/2*h**2 + 1. Let p(l) = -l**3 + 24*l**2 + 3. Let u be p(24). What is m(u)?
2
Let y(w) = -w**2 + 212*w - 15 - 212*w. Give y(0).
-15
Let z(s) = -5*s**2 + 6*s**2 + 0 + 3 - 3*s. Determine z(3).
3
Let t(l) = -6*l - l - l**3 - l**2 + 2 + 6*l. What is t(-2)?
8
Let k(i) be the third derivative of -i**6/120 + i**5/12 + i**4/4 + i**3/2 - i**2. Determine k(6).
3
Let n be 6 - 4 - (-1 - 0). Suppose 0*j + 20 = 5*j. Suppose -n*i = -4*i - j. Let u(z) = z**2 + 5*z + 3. Calculate u(i).
-1
Let v(r) = r**3 - r**2 - r - 3. Let q = 28 + -25. Give v(q).
12
Let i(t) = -t**2 + 9*t - 6. Let o be (-86)/(-14) + 3/(-21). Suppose 0 = 4*z - 38 + o. Calculate i(z).
2
Let q(t) = t**2 + 2*t - 2. Let r = 9 + -19. Let c be 52/(-20) + 4/r. Give q(c).
1
Suppose -3*s - 5 = -14. Let z(q) = 3*q - 3. Let r be z(s). Let k(w) = -w**2 + 6*w - 7. What is k(r)?
-7
Let a(z) = z**3 - 5 + 2*z + z**2 - 3*z**2 + 7*z**2. Let i = 3 - 2. Suppose -2*s + 3*x = 14, -9 = -4*x - i. What is a(s)?
3
Let z(q) be the second derivative of 1/6*q**3 - 4*q**2 + 0 + 3*q. Calculate z(0).
-8
Let c(t) be the third derivative of -t**6/360 - t**5/40 - t**4/6 - t**3/3 + 2*t**2. Let g(p) be the first derivative of c(p). Give g(-3).
-4
Let w be 0/3 - (-4 - -1). Suppose w*b = -2*b + 20. Let y(t) = -2*t**2 + 5 - 4*t + t**2 + 2*t**2. What is y(b)?
5
Let f(t) = 7*t - 6. Let x(m) = -13*m + 11. Let u(v) = -5*f(v) - 3*x(v). Give u(4).
13
Let l(j) = -4*j - 2 + 6 + 5*j. Suppose d - 2*d - 3 = 5*a, -3*a - 9 = -3*d. Let s be (d - 1) + -1 + -3. Give l(s).
1
Let i(n) be the third derivative of -n**6/120 + 7*n**5/60 - 5*n**4/24 + n**3/3 + 6*n**2. Give i(6).
8
Let k(h) = h**3 - 8*h**2 + 2*h + 8. Let o(q) = -1 + 0*q + 2*q + q**2 - 3*q. Let r(g) = k(g) + 6*o(g). What is r(3)?
-1
Let v(r) be the second derivative of r**3/6 + 2*r**2 - 35*r. Calculate v(3).
7
Suppose -16 = -3*m + m. Let o(y) = -2*y - 1. Let j(q) = -6*q - 2. Let l(i) = m*o(i) - 3*j(i). Let z = -10 - -7. Give l(z).
-8
Let c(s) = -6*s + 9*s**2 - 1 - 10*s**2 - 1. Give c(-4).
6
Let d = -14 + 19. Let r(v) = -1 - d*v - 2*v - v. Let i be -2*1*(-2)/(-4). Determine r(i).
7
Let i = -3 + 6. Let p be 4 + (2 - (-2 - -4)). Let d(u) = i*u - u + 0*u + p. What is d(-3)?
-2
Let n = -94 + 99. Let o(r) = 2*r - 5. Calculate o(n).
5
Let d be (4/6)/((-8)/(-252)). Let q = d + -15. Let l(g) = -g**2 + 7*g - 2. Calculate l(q).
4
Let j(l) = 2*l**2 + 9*l - 2. Let m(c) = c**2 + c + 1. Let q(t) = j(t) - m(t). Calculate q(-7).
-10
Let d(o) = 6*o**2. Let s = -21 + 22. What is d(s)?
6
Let t(i) = -i + 1. Suppose 0 = 4*s - 15 - 5. Let u(l) = -l + 12. Let d be u(s). Give t(d).
-6
Let j = -4 - -4. Suppose 10 = 5*o - j. Suppose -o - 6 = -4*h. Let s(v) = -3*v + 3. Calculate s(h).
-3
Suppose -3*w + 5*d - 28 = -0*w, -23 = -2*w - 5*d. Let g(f) = -15*f**2 + 2*f + 1. Give g(w).
-16
Let y = 0 + 4. Let w(i) = 2*i**2 + 18*i + 5. Let l = 15 + -23. Let d(p) = -p**2 - 6*p - 2. Let v(k) = l*d(k) - 3*w(k). Give v(y).
9
Let i(o) = -3*o**2 + 0 + 4*o**2 + 1. Suppose -7 = b - 9. What is i(b)?
5
Let r(x) = x**2 + 6*x + 2. Let v(i) = -i**2 - 3*i + 5. Let t be v(-5). Determine r(t).
-3
Suppose -u - 2*i - 3 - 2 = 0, 5*u - 2*i - 23 = 0. Let y(w) = -1 - 1 + 2*w**2 - u*w**2 + 4*w. Let d be y(3). Let g(n) = 2*n + 1. Calculate g(d).
3
Let a(x) = x**3 - x**2 + 1. Suppose 0 = -3*y - 6, d = 4*d - 4*y - 2. Give a(d).
-11
Let t = 99 - 101. Let h(w) = -11*w. Give h(t).
22
Let h(a) be the first derivative of 5*a**2/2 - a + 3. Calculate h(1).
4
Let m(j) = -j**2 + 7*j - 3. Suppose 0 = -2*d - 5*k + 44 - 9, 5*d - 65 = -5*k. Suppose 3*v - d = v. Give m(v).
7
Let a(s) = 2*s + 4. Let m(z) = -z**2 + 10*z - 6. Suppose 0 = 2*r + 5*f - 40, r = -r + 5*f. Let v be m(r). Give a(v).
-8
Let m(n) = -2*n + 1. Let b(u) = -2*u + 2. Let p(w) = -4*b(w) + 3*m(w). Determine p(4).
3
Let g = 202 - 197. Let v(c) = c**2 - 2*c - 3. Give v(g).
12
Let i(c) = -c - 7. Let m(v) = -2 - 4 + 3*v - 4*v. Let r = -13 - -8. Let q(g) = r*i(g) + 6*m(g). What is q(-4)?
3
Let g = 0 + 0. Let j(v) = -4*v. Let b(d) = -3*d. Let h(u) = -5*b(u) + 4*j(u). Let p(z) = -z + 1. Let n(t) = 6*h(t) - 7*p(t). What is n(g)?
-7
Let t(f) = -5*f**2 - 11*f + 3. Let a = -13 + 4. Let y(o) = o**2 + 3*o - 1. Let l(x) = a*y(x) - 2*t(x). Give l(3).
-3
Let t(w) = 4*w + 11 + 0*w**3 - 2*w - w**3 - 9*w**2. Calculate t(-9).
-7
Suppose 3*n - 4*n + 3 = 0. Suppose -2 = -4*j + 2. Suppose j = -d + n. Let t(l) = -2*l**2 + 4*l - 3. Give t(d).
-3
Let t be ((-20)/15)/(6/(-9)). Let i(p) be the second derivative of 1/3*p**4 - 1/20*p**5 - 3*p**2 + 1/3*p**3 - t*p + 0. Give i(4).
2
Let o be 225/(-27) + (8/6 - 1). Let c(g) = g**3 + 9*g**2 + 8*g - 11. Give c(o).
-11
Let n(x) = -x**2 - 8*x + 13. Let y be n(-9). Let h(s) be the third derivative of 0*s - 1/120*s**6 + 1/24*s**4 - s**2 + 1/15*s**5 + 1/6*s**3 + 0. Calculate h(y).
5
Suppose -6 = 4*z + 2. Let m = -1 - z. Let q(j) = j**3 - 3*j**2 + j - 5. Let y(r) = -r**3 + 3*r**2 - r + 6. Let k(f) = -6*q(f) - 5*y(f). Give k(m).
1
Suppose 4*n + 16 - 4 = 0. Let o(h) = 6*h**2 - h + 1. Let y(c) = 5*c**2. Let i(r) = 3*o(r) - 4*y(r). Calculate i(n).
-6
Suppose -3*p + 9 = 3. Let y(z) = 6*z**2 - 3*z**2 + 2 - 2*z**2 + p*z - 3*z. Calculate y(2).
4
Let p(u) = u**3 + u**2 - 4. Let r = 10 - 8. Suppose 0 = -3*z - r*z. What is p(z)?
-4
Let r(z) = -z**3 + 6*z**2 + 3. Let x be r(6). Let q(a) be the first derivative of a**4/4 - a**3 - a**2 + 4*a + 85. What is q(x)?
-2
Let b be (-2 - 1) + -2 + 2. Let r(a) = a**3 + 3*a**2 + 2*a + 1. Determine r(b).
-5
Let r(d) = -2*d**2 - 2*d - 5. Let v(g) = g**2 + g + 5. Let f(b) = -2*r(b) - 3*v(b). Give f(0).
-5
Let u(a) = -a**2 + a. Let x(m) = -m**3 + 2*m**2 - m - 3. Let w(r) = 4*u(r) - x(r). Let y(c) = -c**2 + 4*c + 2. Let l be y(3). What is w(l)?
3
Let d(x) = -7*x + 12. Let b(v) = 13*v - 24. Let a(z) = -6*b(z) - 11*d(z). Determine a(9).
3
Let q(t) = -3*t - 2. Let p be (-64)/(-10) + 2/(-5). Let g = 6 + -3. Suppose p*w - g*w - a + 9 = 0, 0 = 4*a. Determine q(w).
7
Suppose -10